 tens digit of a?
2
Suppose k = 504 + 234. Suppose -11*t = -5*t - k. What is the hundreds digit of t?
1
Let x = -119 + 127. Let b(z) = 11*z - 71. What is the units digit of b(x)?
7
Let t be 12/(-14)*105/(-5). Let c be 6*(-20)/t*-6. Suppose c = a + a. What is the units digit of a?
0
Let j = -29 + 236. What is the hundreds digit of j?
2
Let o(j) = j**2 - 2*j. Let i be (-24)/(-10)*(-10)/(-4). Suppose i*d = d - 25. What is the units digit of o(d)?
5
Let l be (1 + 23)*(-18)/4. Let c be (5 - 2)*((-1190)/15)/7. Let p = c - l. What is the units digit of p?
4
Let x(w) = -4*w + 6. Let j be x(3). Let b be 4/(-14) + (-92)/(-28). What is the units digit of 1*j/b + 33?
1
Suppose -3*q - 286 - 209 = -4*a, 4*a + 4*q = 516. Let c be (-3)/((-60)/(-58) + -1). Let x = a + c. What is the units digit of x?
9
Suppose -3*l = -6*l - r + 56, -4*l + 76 = 2*r. Let v = l + -18. Suppose v = 2*z - 6*z + 100. What is the units digit of z?
5
Suppose -2*c + 2234 + 93 = 5*z, -z = 5*c - 5875. What is the hundreds digit of c?
1
Suppose -2*y - 1 = -9. Suppose -18 = -3*u - 3*h, -4*h + y = -2*u - 2*h. Suppose -49 = -2*q + m, -u*q - 1 + 65 = 2*m. What is the units digit of q?
7
Let j = 150 + -148. Let m = -3 - -5. Suppose 0 = z, 3*q - j*z = m*z + 3. What is the units digit of q?
1
Suppose 107 = l - 155. Suppose 0*i - l = -3*p - 4*i, -3*i - 234 = -3*p. Suppose 2*m = -2*g + 72, -2*m + g + p = 5*g. What is the units digit of m?
1
Suppose 7384 = 2*l - 3*o, 2*l - 5603 = -4*o + 1767. What is the hundreds digit of l?
6
Let d be (28/(-24) - -2)*6. Let a = -1 + d. Suppose s = a*s - 135. What is the tens digit of s?
4
Let t = 9 + -8. Let b be (-360)/(-8) + 0 + t. Suppose -2*a + 15 = -k - 5, 4*a - 5*k - b = 0. What is the units digit of a?
9
What is the tens digit of (-28)/(-56)*(1505 + 1)?
5
Suppose -3*n + 13 = 4*o - 23, 0 = 3*o - 4*n - 2. Suppose 2*p = o*p + 144. Let w = 15 - p. What is the units digit of w?
1
Suppose -51 = -4*y + 1. Let f be (y + -13)/(2/2). Suppose -2*j = 3*j + r - 201, f = -2*r - 8. What is the units digit of j?
1
Let f = -21 + 26. Suppose l = -f*l + 696. What is the tens digit of l?
1
What is the units digit of -7*((-3 - 2) + -50)?
5
Let s(z) = z**3 + z**2 - 3. Let a = 8 + -5. Let r be s(a). Suppose 4*g - 35 = r. What is the units digit of g?
7
Let g(p) = p**3 + 19*p**2 + 8. Let w be g(-19). What is the tens digit of ((-76)/(w/(-4)))/((-6)/(-21))?
3
Suppose -u + 3*u = -64. Let i = 3 - u. What is the tens digit of i?
3
Let h(s) = 13*s**2 + 3*s + 2. Let w be h(-2). Let x = w - 17. Suppose x = 5*y - 94. What is the units digit of y?
5
What is the tens digit of 133 - ((-4)/(-2) + (12 - 11))?
3
What is the thousands digit of (5/(-4) - -2)/((-303)/(-2239776))?
5
Let m be (-2)/((-7)/((-70)/(-4))). Suppose m*s = -2*f + 2*s - 9, -2*f - s = -1. Suppose 0 = f*t + 5*x + 5, t - 4*x = 3*t + 6. What is the units digit of t?
5
Let j = -1 - -3. Let y = 14 + -8. Suppose y = d + j*d. What is the units digit of d?
2
Suppose 6*r - r + 512 = 4*f, -5*f - 2*r + 673 = 0. Let t = f - 48. What is the units digit of t?
5
Suppose 4*c + 670 - 2334 = 0. What is the hundreds digit of c?
4
Let c(m) = -m. Let v be c(0). Let a(z) = 2*z + 15. Let k be a(v). Suppose -k + 43 = d + g, 2*d + 5*g = 47. What is the tens digit of d?
3
What is the tens digit of ((-32)/12)/4 - (-23120)/30?
7
Let s = 625 - -3714. What is the thousands digit of s?
4
Let o(c) = -c**3 + 12*c**2 - c + 21. Let k be o(12). What is the hundreds digit of k/15 - (-6)/20*578?
1
Let d(x) = x**3 + 2*x**2 + 4*x + 3. Let s be d(-2). Let b(q) = q. Let h(y) = 8*y + 13. Let m(j) = -b(j) - h(j). What is the tens digit of m(s)?
3
Let q(j) = 69*j + 13. What is the tens digit of q(5)?
5
Suppose 3318 = 4*z + 2*g, -16*g + 11*g = -z + 835. What is the tens digit of z?
3
Let l = -19 + 13. Let y be l*(-2)/(2 - -4). Suppose -y*a = -4*r + 192, 5*r - 205 = 5*a + 30. What is the tens digit of r?
4
Let j(w) = w - 4. Let x be j(8). Let b(q) = -x - 6*q + 2 - 2 + 2. What is the tens digit of b(-2)?
1
Suppose 0 = -h - 2*l + 287, -h - 10*l = -14*l - 299. What is the units digit of h?
1
Let d(x) = x**3 + 23*x**2 + 6*x - 24. What is the thousands digit of d(-9)?
1
Suppose 0 = -5*q - 3*x + 6080, -8*q - 5*x = -6*q - 2451. What is the tens digit of q?
1
Let k = -5260 - -9038. What is the tens digit of k?
7
Let w = 563 + -75. What is the tens digit of w?
8
Let h(y) = y**2 + 7*y - 32. Let a be h(6). Let f = a - 37. What is the units digit of f?
9
What is the units digit of 186/(-62) + (1280 - 2)?
5
Let o(f) = -f**3 - 21*f**2 - 48*f - 46. What is the hundreds digit of o(-19)?
1
Suppose -150 = -19*w + 116. Let n(m) = 14*m**2 - 1 + 5*m - 3*m + 5 - m**3. What is the tens digit of n(w)?
3
Let t be -4 + -3*(-8)/3. What is the units digit of 466/8 - 1/t?
8
Let b(g) = -g**2 + 43*g + 28. What is the units digit of b(26)?
0
Let z(y) = 2017*y**3 - 2*y**2 - 8*y + 9. What is the hundreds digit of z(1)?
0
Let y be 10/5 + -1 + 3. Suppose q + y - 77 = 0. What is the units digit of q?
3
Let q be (-118)/(-6)*1*-6. Let w be q/6 - (-6)/(-18). Let m = w - -64. What is the units digit of m?
4
Suppose 4*u - 30 = -2*i, -i + 0*i = -3*u - 15. Let v = i - 13. Suppose v*l = -8 + 24. What is the units digit of l?
8
Let n(u) = -2*u + 23. Let w be n(-11). Let f = w + -44. What is the units digit of f?
1
Let q(f) = f**3 - f**2 + f - 36. Let v be q(0). Let n = v - -43. What is the units digit of n?
7
Let n(c) = -c**3 + 17*c**2 + 17*c - 8. What is the tens digit of n(17)?
8
Suppose 0 = 92*c - 589179 + 170395. What is the hundreds digit of c?
5
Let y = 51 - -29. Let m be 5 + -1 + (-1 - -1). Suppose 60 + y = m*q. What is the tens digit of q?
3
Let a be (4/(-5))/(-6 - 211/(-35)). Let i = a - -36. What is the units digit of i?
8
Suppose 4*g = -1736 + 9068. What is the units digit of g?
3
Suppose 1899 = m + 160. What is the thousands digit of m?
1
Let q be -4*(-1 - (2 + -1)). Let h be (12/q)/((-2)/(-8)). What is the units digit of ((-14)/(-3))/(2/h)?
4
Let o(d) = -15*d**2 + 87. Let r(a) = -7*a**2 + 43. Let x(b) = -6*o(b) + 13*r(b). What is the tens digit of x(0)?
3
Let y be 14 + 1 + -4*1. Let w(s) = -s + 15. Let v be w(y). Suppose -c + 16 = 3*n, 0 = 5*c + v*n - 20 - 5. What is the units digit of c?
1
Suppose 2 = m - 36. What is the tens digit of m?
3
Suppose -67 = -5*l - 3*f, 33 = -5*l + 4*f + 107. Let o = l + -72. Let q = o - -105. What is the tens digit of q?
4
Let m = 50 - 34. Let s = m + -11. Suppose -s*h = -6*h + 19. What is the tens digit of h?
1
Let q = -1857 - -2266. What is the tens digit of q?
0
Suppose 51*k + 125704 = 89*k. What is the units digit of k?
8
Let w be (-3)/((-9)/(-15))*-1. Let p(t) = -5*t**3 - 3*t + 2*t**3 + t - w + 3. What is the units digit of p(-2)?
6
What is the hundreds digit of ((-1433)/4)/(83/(-332))?
4
Suppose 44 = 12*x - 11*x. Suppose -13*b = x - 304. What is the units digit of b?
0
Suppose -615 = -5*m + 7*h - 2*h, 2*m = 3*h + 251. Suppose -9*j + m = -8. What is the units digit of j?
4
Let q(c) = -2*c - 3. Let s = -29 + 32. Let n be q(s). Let w(p) = -p**2 - 12*p + 20. What is the tens digit of w(n)?
4
Let z = -123 - -200. Suppose z = 3*a - 73. Suppose 0 = -3*c - 8 + a. What is the tens digit of c?
1
Let k = 23 + -20. Let m = k + 0. Suppose 2*x - 260 = -m*x. What is the tens digit of x?
5
Let j(s) = 855*s**2 + 8*s + 12. What is the tens digit of j(-1)?
5
Let r = 41 - 51. Let m = 140 + r. What is the tens digit of m?
3
What is the tens digit of 6/(((-27)/120)/((-105)/4))?
0
Let q be 2 + 2/(3 + -1). What is the units digit of q*18 + 0 + -2?
2
What is the hundreds digit of (-90)/(55/(-10) + 5)?
1
Suppose 0*t + 4*t + 2*v - 40 = 0, -3*t + 4 = -5*v. Suppose -4*f + 320 = -t. What is the tens digit of f?
8
Let t = 84 + -18. Let x = t + 46. What is the units digit of x?
2
Let i = -230 + 367. Let d = i + -87. What is the units digit of d?
0
Suppose 0 = y - 2*i - 1254, y + i = -2*i + 1264. What is the thousands digit of y?
1
Let j be (-2)/(-4)*(16 + 2). Suppose -4*v + 4*y - 212 = -j*v, 4*y - 92 = -2*v. What is the units digit of v?
0
Suppose -2*x = -m - 7276 + 1003, 2*x - 3*m - 6271 = 0. What is the thousands digit of x?
3
Let c(p) = -85*p - 306. What is the tens digit of c(-19)?
0
Suppose 1061 - 4148 = -u - 3*n, 0 = -5*u - 4*n + 15391. What is the hundreds digit of u?
0
Let r be (7/(147/3